{"id":258,"date":"2024-06-24T07:59:53","date_gmt":"2024-06-24T07:59:53","guid":{"rendered":"https:\/\/policlinicanoelia.es\/?page_id=258"},"modified":"2024-08-22T09:59:35","modified_gmt":"2024-08-22T09:59:35","slug":"especialistas","status":"publish","type":"page","link":"https:\/\/policlinicanoelia.es\/index.php\/especialistas\/","title":{"rendered":"ESPECIALISTAS"},"content":{"rendered":"\t\t<div data-elementor-type=\"wp-page\" data-elementor-id=\"258\" class=\"elementor elementor-258\" data-elementor-post-type=\"page\">\n\t\t\t\t<div class=\"elementor-element elementor-element-05847f6 e-flex e-con-boxed e-con e-parent\" data-id=\"05847f6\" data-element_type=\"container\" data-e-type=\"container\">\n\t\t\t\t\t<div class=\"e-con-inner\">\n\t\t\t\t<div class=\"elementor-element elementor-element-e6c6dcf elementor-widget elementor-widget-heading\" data-id=\"e6c6dcf\" data-element_type=\"widget\" data-e-type=\"widget\" data-widget_type=\"heading.default\">\n\t\t\t\t<div class=\"elementor-widget-container\">\n\t\t\t\t\t<h1 class=\"elementor-heading-title elementor-size-default\">NUESTRAS ESPECIALISTAS<\/h1>\t\t\t\t<\/div>\n\t\t\t\t<\/div>\n\t\t\t\t\t<\/div>\n\t\t\t\t<\/div>\n\t\t<div class=\"elementor-element elementor-element-b216662 e-flex e-con-boxed e-con e-parent\" data-id=\"b216662\" data-element_type=\"container\" data-e-type=\"container\">\n\t\t\t\t\t<div class=\"e-con-inner\">\n\t\t\t\t<div class=\"elementor-element elementor-element-6a4ba6d elementor-widget elementor-widget-heading\" data-id=\"6a4ba6d\" data-element_type=\"widget\" data-e-type=\"widget\" data-widget_type=\"heading.default\">\n\t\t\t\t<div class=\"elementor-widget-container\">\n\t\t\t\t\t<h2 class=\"elementor-heading-title elementor-size-default\">LOGOPEDIA<\/h2>\t\t\t\t<\/div>\n\t\t\t\t<\/div>\n\t\t\t\t\t<\/div>\n\t\t\t\t<\/div>\n\t\t<div class=\"elementor-element elementor-element-57d8544 e-flex e-con-boxed e-con e-parent\" data-id=\"57d8544\" data-element_type=\"container\" data-e-type=\"container\">\n\t\t\t\t\t<div class=\"e-con-inner\">\n\t\t<div class=\"elementor-element elementor-element-0958406 e-con-full e-flex e-con e-child\" data-id=\"0958406\" data-element_type=\"container\" data-e-type=\"container\">\n\t\t\t\t<div class=\"elementor-element elementor-element-be89e1f elementor-widget elementor-widget-image\" data-id=\"be89e1f\" data-element_type=\"widget\" data-e-type=\"widget\" data-widget_type=\"image.default\">\n\t\t\t\t<div class=\"elementor-widget-container\">\n\t\t\t\t\t\t\t\t\t\t\t\t\t\t\t<img fetchpriority=\"high\" decoding=\"async\" width=\"740\" height=\"987\" src=\"https:\/\/policlinicanoelia.es\/wp-content\/uploads\/2024\/08\/noelia-768x1024.jpg\" class=\"attachment-large size-large wp-image-362\" alt=\"\" srcset=\"https:\/\/policlinicanoelia.es\/wp-content\/uploads\/2024\/08\/noelia-768x1024.jpg 768w, https:\/\/policlinicanoelia.es\/wp-content\/uploads\/2024\/08\/noelia-225x300.jpg 225w, https:\/\/policlinicanoelia.es\/wp-content\/uploads\/2024\/08\/noelia-1152x1536.jpg 1152w, https:\/\/policlinicanoelia.es\/wp-content\/uploads\/2024\/08\/noelia-1536x2048.jpg 1536w, https:\/\/policlinicanoelia.es\/wp-content\/uploads\/2024\/08\/noelia-scaled.jpg 1920w\" sizes=\"100vw\" \/>\t\t\t\t\t\t\t\t\t\t\t\t\t\t\t<\/div>\n\t\t\t\t<\/div>\n\t\t\t\t<\/div>\n\t\t<div class=\"elementor-element elementor-element-f2a9bd5 e-con-full e-flex e-con e-child\" data-id=\"f2a9bd5\" data-element_type=\"container\" data-e-type=\"container\">\n\t\t<div class=\"elementor-element elementor-element-ef78602 e-con-full e-flex e-con e-child\" data-id=\"ef78602\" data-element_type=\"container\" data-e-type=\"container\">\n\t\t\t\t<div class=\"elementor-element elementor-element-95b43ed elementor-widget elementor-widget-heading\" data-id=\"95b43ed\" data-element_type=\"widget\" data-e-type=\"widget\" data-widget_type=\"heading.default\">\n\t\t\t\t<div class=\"elementor-widget-container\">\n\t\t\t\t\t<h3 class=\"elementor-heading-title elementor-size-default\">Noelia<\/h3>\t\t\t\t<\/div>\n\t\t\t\t<\/div>\n\t\t\t\t<\/div>\n\t\t<div class=\"elementor-element elementor-element-f45a91d e-con-full e-flex e-con e-child\" data-id=\"f45a91d\" data-element_type=\"container\" data-e-type=\"container\">\n\t\t\t\t<div class=\"elementor-element elementor-element-f51f714 elementor-widget elementor-widget-text-editor\" data-id=\"f51f714\" data-element_type=\"widget\" data-e-type=\"widget\" data-widget_type=\"text-editor.default\">\n\t\t\t\t<div class=\"elementor-widget-container\">\n\t\t\t\t\t\t\t\t\t<p>\u00abMe gradu\u00e9 en Logopedia en 2010 por la universidad de Castilla La Mancha. Posteriormente y hasta d\u00eda de hoy sigo form\u00e1ndome con especialistas referentes de la logopedia, para conocer los \u00faltimos avances y t\u00e9cnicas de rehabilitaci\u00f3n\u00bb.<\/p><p>Es logopeda especialista en atenci\u00f3n temprana, patolog\u00eda vocal, terapia miofuncional, tartamudez, comunicaci\u00f3n y lenguaje.<\/p><p>\u00a1Cuenta con m\u00e1s de 14 a\u00f1os de experiencia!<\/p>\t\t\t\t\t\t\t\t<\/div>\n\t\t\t\t<\/div>\n\t\t\t\t<\/div>\n\t\t\t\t<\/div>\n\t\t\t\t\t<\/div>\n\t\t\t\t<\/div>\n\t\t<div class=\"elementor-element elementor-element-2119411 e-flex e-con-boxed e-con e-parent\" data-id=\"2119411\" data-element_type=\"container\" data-e-type=\"container\">\n\t\t\t\t\t<div class=\"e-con-inner\">\n\t\t<div class=\"elementor-element elementor-element-51b93f8 e-con-full e-flex e-con e-child\" data-id=\"51b93f8\" data-element_type=\"container\" data-e-type=\"container\">\n\t\t<div class=\"elementor-element elementor-element-12bc8be e-con-full e-flex e-con e-child\" data-id=\"12bc8be\" data-element_type=\"container\" data-e-type=\"container\">\n\t\t\t\t<div class=\"elementor-element elementor-element-50577f1 elementor-widget elementor-widget-heading\" data-id=\"50577f1\" data-element_type=\"widget\" data-e-type=\"widget\" data-widget_type=\"heading.default\">\n\t\t\t\t<div class=\"elementor-widget-container\">\n\t\t\t\t\t<h3 class=\"elementor-heading-title elementor-size-default\">Marina<\/h3>\t\t\t\t<\/div>\n\t\t\t\t<\/div>\n\t\t\t\t<\/div>\n\t\t<div class=\"elementor-element elementor-element-648d8e4 e-con-full e-flex e-con e-child\" data-id=\"648d8e4\" data-element_type=\"container\" data-e-type=\"container\">\n\t\t\t\t<div class=\"elementor-element elementor-element-6e9e579 elementor-widget elementor-widget-text-editor\" data-id=\"6e9e579\" data-element_type=\"widget\" data-e-type=\"widget\" data-widget_type=\"text-editor.default\">\n\t\t\t\t<div class=\"elementor-widget-container\">\n\t\t\t\t\t\t\t\t\t<p>Aqu\u00ed tenemos a Marina, logopeda de nuestra cl\u00ednica.<\/p><p>Con una s\u00f3lida formaci\u00f3n y amplia experiencia, Marina es especialista en:<br \/>Tartamudez, Comunicaci\u00f3n y Lenguaje en Ni\u00f1os y Adultos, Terapia Miofuncional, Lectoescritura.<\/p><p>Estamos orgullosos de contar con su experiencia y dedicaci\u00f3n en la cl\u00ednica, desde casi el principio de los tiempos.<\/p>\t\t\t\t\t\t\t\t<\/div>\n\t\t\t\t<\/div>\n\t\t\t\t<\/div>\n\t\t\t\t<\/div>\n\t\t<div class=\"elementor-element elementor-element-b58fab1 e-con-full e-flex e-con e-child\" data-id=\"b58fab1\" data-element_type=\"container\" data-e-type=\"container\">\n\t\t\t\t<div class=\"elementor-element elementor-element-a571a23 elementor-widget elementor-widget-image\" data-id=\"a571a23\" data-element_type=\"widget\" data-e-type=\"widget\" data-widget_type=\"image.default\">\n\t\t\t\t<div class=\"elementor-widget-container\">\n\t\t\t\t\t\t\t\t\t\t\t\t\t\t\t<img decoding=\"async\" width=\"740\" height=\"987\" src=\"https:\/\/policlinicanoelia.es\/wp-content\/uploads\/2024\/08\/marina-768x1024.jpg\" class=\"attachment-large size-large wp-image-363\" alt=\"\" srcset=\"https:\/\/policlinicanoelia.es\/wp-content\/uploads\/2024\/08\/marina-768x1024.jpg 768w, https:\/\/policlinicanoelia.es\/wp-content\/uploads\/2024\/08\/marina-225x300.jpg 225w, https:\/\/policlinicanoelia.es\/wp-content\/uploads\/2024\/08\/marina-1152x1536.jpg 1152w, https:\/\/policlinicanoelia.es\/wp-content\/uploads\/2024\/08\/marina-1536x2048.jpg 1536w, https:\/\/policlinicanoelia.es\/wp-content\/uploads\/2024\/08\/marina-scaled.jpg 1920w\" sizes=\"100vw\" \/>\t\t\t\t\t\t\t\t\t\t\t\t\t\t\t<\/div>\n\t\t\t\t<\/div>\n\t\t\t\t<\/div>\n\t\t\t\t\t<\/div>\n\t\t\t\t<\/div>\n\t\t<div class=\"elementor-element elementor-element-a6f52d8 e-flex e-con-boxed e-con e-parent\" data-id=\"a6f52d8\" data-element_type=\"container\" data-e-type=\"container\">\n\t\t\t\t\t<div class=\"e-con-inner\">\n\t\t\t\t<div class=\"elementor-element elementor-element-4b3b36d elementor-widget elementor-widget-heading\" data-id=\"4b3b36d\" data-element_type=\"widget\" data-e-type=\"widget\" data-widget_type=\"heading.default\">\n\t\t\t\t<div class=\"elementor-widget-container\">\n\t\t\t\t\t<h2 class=\"elementor-heading-title elementor-size-default\">PSICOLOG\u00cdA<\/h2>\t\t\t\t<\/div>\n\t\t\t\t<\/div>\n\t\t\t\t\t<\/div>\n\t\t\t\t<\/div>\n\t\t<div class=\"elementor-element elementor-element-70a07ec e-flex e-con-boxed e-con e-parent\" data-id=\"70a07ec\" data-element_type=\"container\" data-e-type=\"container\">\n\t\t\t\t\t<div class=\"e-con-inner\">\n\t\t<div class=\"elementor-element elementor-element-536b6af e-con-full e-flex e-con e-child\" data-id=\"536b6af\" data-element_type=\"container\" data-e-type=\"container\">\n\t\t\t\t<div class=\"elementor-element elementor-element-a346190 elementor-widget elementor-widget-image\" data-id=\"a346190\" data-element_type=\"widget\" data-e-type=\"widget\" data-widget_type=\"image.default\">\n\t\t\t\t<div class=\"elementor-widget-container\">\n\t\t\t\t\t\t\t\t\t\t\t\t\t\t\t<img decoding=\"async\" width=\"740\" height=\"987\" src=\"https:\/\/policlinicanoelia.es\/wp-content\/uploads\/2024\/08\/maria-768x1024.jpg\" class=\"attachment-large size-large wp-image-365\" alt=\"\" srcset=\"https:\/\/policlinicanoelia.es\/wp-content\/uploads\/2024\/08\/maria-768x1024.jpg 768w, https:\/\/policlinicanoelia.es\/wp-content\/uploads\/2024\/08\/maria-225x300.jpg 225w, https:\/\/policlinicanoelia.es\/wp-content\/uploads\/2024\/08\/maria-1152x1536.jpg 1152w, https:\/\/policlinicanoelia.es\/wp-content\/uploads\/2024\/08\/maria-1536x2048.jpg 1536w, https:\/\/policlinicanoelia.es\/wp-content\/uploads\/2024\/08\/maria-scaled.jpg 1920w\" sizes=\"100vw\" \/>\t\t\t\t\t\t\t\t\t\t\t\t\t\t\t<\/div>\n\t\t\t\t<\/div>\n\t\t\t\t<\/div>\n\t\t<div class=\"elementor-element elementor-element-74ba110 e-con-full e-flex e-con e-child\" data-id=\"74ba110\" data-element_type=\"container\" data-e-type=\"container\">\n\t\t<div class=\"elementor-element elementor-element-56785d0 e-con-full e-flex e-con e-child\" data-id=\"56785d0\" data-element_type=\"container\" data-e-type=\"container\">\n\t\t\t\t<div class=\"elementor-element elementor-element-8ae9ad5 elementor-widget elementor-widget-heading\" data-id=\"8ae9ad5\" data-element_type=\"widget\" data-e-type=\"widget\" data-widget_type=\"heading.default\">\n\t\t\t\t<div class=\"elementor-widget-container\">\n\t\t\t\t\t<h3 class=\"elementor-heading-title elementor-size-default\">Mar\u00eda<\/h3>\t\t\t\t<\/div>\n\t\t\t\t<\/div>\n\t\t\t\t<\/div>\n\t\t<div class=\"elementor-element elementor-element-532deb1 e-con-full e-flex e-con e-child\" data-id=\"532deb1\" data-element_type=\"container\" data-e-type=\"container\">\n\t\t\t\t<div class=\"elementor-element elementor-element-8ea73ca elementor-widget elementor-widget-text-editor\" data-id=\"8ea73ca\" data-element_type=\"widget\" data-e-type=\"widget\" data-widget_type=\"text-editor.default\">\n\t\t\t\t<div class=\"elementor-widget-container\">\n\t\t\t\t\t\t\t\t\t<p>Ella es Mar\u00eda, psic\u00f3loga de la cl\u00ednica que b<span style=\"font-size: 1rem;\">rinda apoyo y orientaci\u00f3n tanto a ni\u00f1os como a adultos, ayudando a mejorar su bienestar emocional y mental.<\/span><\/p><p>Ni\u00f1os: Trastornos del Desarrollo, Trastornos de Aprendizaje, Trastornos del Espectro Autista, TDAH, Problema de conducta, Ansiedad por separaci\u00f3n, Rabietas, Miedos y Fobias<\/p><p>Adultos: Ansiedad y estr\u00e9s, Depresi\u00f3n o bajo estado de \u00e1nimo, Problemas de autoestima e inseguridades, Problemas de sue\u00f1o, Trastorno Obsesivo Compulsivo, Problemas de Alimentaci\u00f3n, Sexualidad y Parejas<\/p><p>Es una profesional dedicada y apasionada por su trabajo, comprometida con el bienestar de sus pacientes en cada etapa de la vida.<\/p>\t\t\t\t\t\t\t\t<\/div>\n\t\t\t\t<\/div>\n\t\t\t\t<\/div>\n\t\t\t\t<\/div>\n\t\t\t\t\t<\/div>\n\t\t\t\t<\/div>\n\t\t<div class=\"elementor-element elementor-element-7b9bd47 e-flex e-con-boxed e-con e-parent\" data-id=\"7b9bd47\" data-element_type=\"container\" data-e-type=\"container\">\n\t\t\t\t\t<div class=\"e-con-inner\">\n\t\t\t\t<div class=\"elementor-element elementor-element-53152dc elementor-widget elementor-widget-heading\" data-id=\"53152dc\" data-element_type=\"widget\" data-e-type=\"widget\" data-widget_type=\"heading.default\">\n\t\t\t\t<div class=\"elementor-widget-container\">\n\t\t\t\t\t<h2 class=\"elementor-heading-title elementor-size-default\">TERAPIA OCUPACIONAL<\/h2>\t\t\t\t<\/div>\n\t\t\t\t<\/div>\n\t\t\t\t\t<\/div>\n\t\t\t\t<\/div>\n\t\t<div class=\"elementor-element elementor-element-6cc21f9 e-flex e-con-boxed e-con e-parent\" data-id=\"6cc21f9\" data-element_type=\"container\" data-e-type=\"container\">\n\t\t\t\t\t<div class=\"e-con-inner\">\n\t\t<div class=\"elementor-element elementor-element-befea44 e-con-full e-flex e-con e-child\" data-id=\"befea44\" data-element_type=\"container\" data-e-type=\"container\">\n\t\t<div class=\"elementor-element elementor-element-83072aa e-con-full e-flex e-con e-child\" data-id=\"83072aa\" data-element_type=\"container\" data-e-type=\"container\">\n\t\t\t\t<div class=\"elementor-element elementor-element-e676efb elementor-widget elementor-widget-heading\" data-id=\"e676efb\" data-element_type=\"widget\" data-e-type=\"widget\" data-widget_type=\"heading.default\">\n\t\t\t\t<div class=\"elementor-widget-container\">\n\t\t\t\t\t<h3 class=\"elementor-heading-title elementor-size-default\">Mar<\/h3>\t\t\t\t<\/div>\n\t\t\t\t<\/div>\n\t\t\t\t<\/div>\n\t\t<div class=\"elementor-element elementor-element-36f9c8a e-con-full e-flex e-con e-child\" data-id=\"36f9c8a\" data-element_type=\"container\" data-e-type=\"container\">\n\t\t\t\t<div class=\"elementor-element elementor-element-ebbb207 elementor-widget elementor-widget-text-editor\" data-id=\"ebbb207\" data-element_type=\"widget\" data-e-type=\"widget\" data-widget_type=\"text-editor.default\">\n\t\t\t\t<div class=\"elementor-widget-container\">\n\t\t\t\t\t\t\t\t\t<p>Ella es Mar, la terapeuta ocupacional de la cl\u00ednica.<\/p><p>Es especialista en Atenci\u00f3n Temprana, Autismo, Selectividad Alimentaria, T\u00e9cnico Psicomotricista, Estimulaci\u00f3n en Alzheimer y Terapia Acu\u00e1tica.<\/p><p>Mar es una profesional apasionada y comprometida con su trabajo, siempre buscando el bienestar y desarrollo de sus pacientes. \u00a1Estamos orgullosos de tenerla en nuestro equipo!<\/p>\t\t\t\t\t\t\t\t<\/div>\n\t\t\t\t<\/div>\n\t\t\t\t<\/div>\n\t\t\t\t<\/div>\n\t\t<div class=\"elementor-element elementor-element-aa5760e e-con-full e-flex e-con e-child\" data-id=\"aa5760e\" data-element_type=\"container\" data-e-type=\"container\">\n\t\t\t\t<div class=\"elementor-element elementor-element-35e014e elementor-widget elementor-widget-image\" data-id=\"35e014e\" data-element_type=\"widget\" data-e-type=\"widget\" data-widget_type=\"image.default\">\n\t\t\t\t<div class=\"elementor-widget-container\">\n\t\t\t\t\t\t\t\t\t\t\t\t\t\t\t<img loading=\"lazy\" decoding=\"async\" width=\"740\" height=\"987\" src=\"https:\/\/policlinicanoelia.es\/wp-content\/uploads\/2024\/08\/mar-768x1024.jpg\" class=\"attachment-large size-large wp-image-364\" alt=\"\" srcset=\"https:\/\/policlinicanoelia.es\/wp-content\/uploads\/2024\/08\/mar-768x1024.jpg 768w, https:\/\/policlinicanoelia.es\/wp-content\/uploads\/2024\/08\/mar-225x300.jpg 225w, https:\/\/policlinicanoelia.es\/wp-content\/uploads\/2024\/08\/mar-1152x1536.jpg 1152w, https:\/\/policlinicanoelia.es\/wp-content\/uploads\/2024\/08\/mar-1536x2048.jpg 1536w, https:\/\/policlinicanoelia.es\/wp-content\/uploads\/2024\/08\/mar-scaled.jpg 1920w\" sizes=\"100vw\" \/>\t\t\t\t\t\t\t\t\t\t\t\t\t\t\t<\/div>\n\t\t\t\t<\/div>\n\t\t\t\t<\/div>\n\t\t\t\t\t<\/div>\n\t\t\t\t<\/div>\n\t\t<div class=\"elementor-element elementor-element-93c2b1f e-flex e-con-boxed e-con e-parent\" data-id=\"93c2b1f\" data-element_type=\"container\" data-e-type=\"container\">\n\t\t\t\t\t<div class=\"e-con-inner\">\n\t\t\t\t<div class=\"elementor-element elementor-element-d5e2d8a elementor-widget elementor-widget-heading\" data-id=\"d5e2d8a\" data-element_type=\"widget\" data-e-type=\"widget\" data-widget_type=\"heading.default\">\n\t\t\t\t<div class=\"elementor-widget-container\">\n\t\t\t\t\t<h2 class=\"elementor-heading-title elementor-size-default\">ADMINISTRACI\u00d3N<\/h2>\t\t\t\t<\/div>\n\t\t\t\t<\/div>\n\t\t\t\t\t<\/div>\n\t\t\t\t<\/div>\n\t\t<div class=\"elementor-element elementor-element-eee4b53 e-flex e-con-boxed e-con e-parent\" data-id=\"eee4b53\" data-element_type=\"container\" data-e-type=\"container\">\n\t\t\t\t\t<div class=\"e-con-inner\">\n\t\t<div class=\"elementor-element elementor-element-3c071ae e-con-full e-flex e-con e-child\" data-id=\"3c071ae\" data-element_type=\"container\" data-e-type=\"container\">\n\t\t\t\t<div class=\"elementor-element elementor-element-67fdd16 elementor-widget elementor-widget-image\" data-id=\"67fdd16\" data-element_type=\"widget\" data-e-type=\"widget\" data-widget_type=\"image.default\">\n\t\t\t\t<div class=\"elementor-widget-container\">\n\t\t\t\t\t\t\t\t\t\t\t\t\t\t\t<img loading=\"lazy\" decoding=\"async\" width=\"740\" height=\"987\" src=\"https:\/\/policlinicanoelia.es\/wp-content\/uploads\/2024\/08\/Jennifer-768x1024.jpg\" class=\"attachment-large size-large wp-image-367\" alt=\"\" srcset=\"https:\/\/policlinicanoelia.es\/wp-content\/uploads\/2024\/08\/Jennifer-768x1024.jpg 768w, https:\/\/policlinicanoelia.es\/wp-content\/uploads\/2024\/08\/Jennifer-225x300.jpg 225w, https:\/\/policlinicanoelia.es\/wp-content\/uploads\/2024\/08\/Jennifer-1152x1536.jpg 1152w, https:\/\/policlinicanoelia.es\/wp-content\/uploads\/2024\/08\/Jennifer-1536x2048.jpg 1536w, https:\/\/policlinicanoelia.es\/wp-content\/uploads\/2024\/08\/Jennifer-scaled.jpg 1920w\" sizes=\"100vw\" \/>\t\t\t\t\t\t\t\t\t\t\t\t\t\t\t<\/div>\n\t\t\t\t<\/div>\n\t\t\t\t<\/div>\n\t\t<div class=\"elementor-element elementor-element-5eba000 e-con-full e-flex e-con e-child\" data-id=\"5eba000\" data-element_type=\"container\" data-e-type=\"container\">\n\t\t<div class=\"elementor-element elementor-element-9de4c94 e-con-full e-flex e-con e-child\" data-id=\"9de4c94\" data-element_type=\"container\" data-e-type=\"container\">\n\t\t\t\t<div class=\"elementor-element elementor-element-32fe61e elementor-widget elementor-widget-heading\" data-id=\"32fe61e\" data-element_type=\"widget\" data-e-type=\"widget\" data-widget_type=\"heading.default\">\n\t\t\t\t<div class=\"elementor-widget-container\">\n\t\t\t\t\t<h3 class=\"elementor-heading-title elementor-size-default\">Jennifer<\/h3>\t\t\t\t<\/div>\n\t\t\t\t<\/div>\n\t\t\t\t<\/div>\n\t\t<div class=\"elementor-element elementor-element-86b3b45 e-con-full e-flex e-con e-child\" data-id=\"86b3b45\" data-element_type=\"container\" data-e-type=\"container\">\n\t\t\t\t<div class=\"elementor-element elementor-element-edddd6b elementor-widget elementor-widget-text-editor\" data-id=\"edddd6b\" data-element_type=\"widget\" data-e-type=\"widget\" data-widget_type=\"text-editor.default\">\n\t\t\t\t<div class=\"elementor-widget-container\">\n\t\t\t\t\t\t\t\t\t<p>Ella es Jennifer nuestra administrativa.<\/p><p>Con una gran experiencia de m\u00e1s de 10 a\u00f1os en el sector y un trato excepcional, Jenny se une a nuestro equipo para brindarte la mejor atenci\u00f3n desde el primer contacto. Ella ser\u00e1 la persona encargada de gestionar tus citas, resolver tus dudas y asegurarse de que cada detalle de tu experiencia en nuestra cl\u00ednica sea perfecto.<\/p><p>Especialista en Administraci\u00f3n y Finanzas, Contabilidad Inform\u00e1tica, Escaparatismo, Dise\u00f1o Comercial y Marketing.<\/p><p>Estamos seguros de que su profesionalismo y calidez ser\u00e1n un gran aporte para todos nuestros pacientes.<\/p>\t\t\t\t\t\t\t\t<\/div>\n\t\t\t\t<\/div>\n\t\t\t\t<\/div>\n\t\t\t\t<\/div>\n\t\t\t\t\t<\/div>\n\t\t\t\t<\/div>\n\t\t<div class=\"elementor-element elementor-element-4ab9f55 e-flex e-con-boxed e-con e-parent\" data-id=\"4ab9f55\" data-element_type=\"container\" data-e-type=\"container\">\n\t\t\t\t\t<div class=\"e-con-inner\">\n\t\t\t\t<div class=\"elementor-element elementor-element-66bff20 elementor-widget-divider--separator-type-pattern elementor-widget-divider--no-spacing elementor-widget-divider--view-line elementor-widget elementor-widget-divider\" data-id=\"66bff20\" data-element_type=\"widget\" data-e-type=\"widget\" data-widget_type=\"divider.default\">\n\t\t\t\t<div class=\"elementor-widget-container\">\n\t\t\t\t\t\t\t<div class=\"elementor-divider\" style=\"--divider-pattern-url: url(&quot;data:image\/svg+xml,%3Csvg xmlns=&#039;http:\/\/www.w3.org\/2000\/svg&#039; preserveAspectRatio=&#039;xMidYMid meet&#039; overflow=&#039;visible&#039; height=&#039;100%&#039; viewBox=&#039;0 0 126 26&#039; fill=&#039;black&#039; stroke=&#039;none&#039;%3E%3Cpath d=&#039;M3,10.2c2.6,0,2.6,2,2.6,3.2S4.4,16.5,3,16.5s-3-1.4-3-3.2S0.4,10.2,3,10.2z M18.8,10.2c1.7,0,3.2,1.4,3.2,3.2s-1.4,3.2-3.2,3.2c-1.7,0-3.2-1.4-3.2-3.2S17,10.2,18.8,10.2z M34.6,10.2c1.5,0,2.6,1.4,2.6,3.2s-0.5,3.2-1.9,3.2c-1.5,0-3.4-1.4-3.4-3.2S33.1,10.2,34.6,10.2z M50.5,10.2c1.7,0,3.2,1.4,3.2,3.2s-1.4,3.2-3.2,3.2c-1.7,0-3.3-0.9-3.3-2.6S48.7,10.2,50.5,10.2z M66.2,10.2c1.5,0,3.4,1.4,3.4,3.2s-1.9,3.2-3.4,3.2c-1.5,0-2.6-0.4-2.6-2.1S64.8,10.2,66.2,10.2z M82.2,10.2c1.7,0.8,2.6,1.4,2.6,3.2s-0.1,3.2-1.6,3.2c-1.5,0-3.7-1.4-3.7-3.2S80.5,9.4,82.2,10.2zM98.6,10.2c1.5,0,2.6,0.4,2.6,2.1s-1.2,4.2-2.6,4.2c-1.5,0-3.7-0.4-3.7-2.1S97.1,10.2,98.6,10.2z M113.4,10.2c1.2,0,2.2,0.9,2.2,3.2s-0.1,3.2-1.3,3.2s-3.1-1.4-3.1-3.2S112.2,10.2,113.4,10.2z&#039;\/%3E%3C\/svg%3E&quot;);\">\n\t\t\t<span class=\"elementor-divider-separator\">\n\t\t\t\t\t\t<\/span>\n\t\t<\/div>\n\t\t\t\t\t\t<\/div>\n\t\t\t\t<\/div>\n\t\t\t\t\t<\/div>\n\t\t\t\t<\/div>\n\t\t<div class=\"elementor-element elementor-element-92b19f6 e-flex e-con-boxed e-con e-parent\" data-id=\"92b19f6\" data-element_type=\"container\" data-e-type=\"container\">\n\t\t\t\t\t<div class=\"e-con-inner\">\n\t\t\t\t<div class=\"elementor-element elementor-element-3f397d0 elementor-cta--skin-cover elementor-animated-content elementor-bg-transform elementor-bg-transform-zoom-in elementor-widget elementor-widget-call-to-action\" data-id=\"3f397d0\" data-element_type=\"widget\" data-e-type=\"widget\" data-widget_type=\"call-to-action.default\">\n\t\t\t\t<div class=\"elementor-widget-container\">\n\t\t\t\t\t\t\t<div class=\"elementor-cta\">\n\t\t\t\t\t<div class=\"elementor-cta__bg-wrapper\">\n\t\t\t\t<div class=\"elementor-cta__bg elementor-bg\" style=\"background-image: url(https:\/\/policlinicanoelia.es\/wp-content\/uploads\/2024\/08\/bgd-1024x768.png);\" role=\"img\" aria-label=\"bgd\"><\/div>\n\t\t\t\t<div class=\"elementor-cta__bg-overlay\"><\/div>\n\t\t\t<\/div>\n\t\t\t\t\t\t\t<div class=\"elementor-cta__content\">\n\t\t\t\t\n\t\t\t\t\t\t\t\t\t<h2 class=\"elementor-cta__title elementor-cta__content-item elementor-content-item elementor-animated-item--grow\">\n\t\t\t\t\t\t\u00a1Val\u00f3ranos!\t\t\t\t\t<\/h2>\n\t\t\t\t\n\t\t\t\t\t\t\t\t\t<div class=\"elementor-cta__description elementor-cta__content-item elementor-content-item elementor-animated-item--grow\">\n\t\t\t\t\t\tDeja una rese\u00f1a y comenta tu experiencia para ayudarnos a mejorar\t\t\t\t\t<\/div>\n\t\t\t\t\n\t\t\t\t\t\t\t\t\t<div class=\"elementor-cta__button-wrapper elementor-cta__content-item elementor-content-item elementor-animated-item--grow\">\n\t\t\t\t\t<a class=\"elementor-cta__button elementor-button elementor-size-sm\" href=\"https:\/\/www.google.com\/maps\/place\/\/data=!4m3!3m2!1s0xd684dcb44560039:0x549afb1f15b68a30!12e1?source=g.page.m._&#038;laa=merchant-review-solicitation\">\n\t\t\t\t\t\tPulsa aqu\u00ed\t\t\t\t\t<\/a>\n\t\t\t\t\t<\/div>\n\t\t\t\t\t\t\t<\/div>\n\t\t\t\t\t\t<\/div>\n\t\t\t\t\t\t<\/div>\n\t\t\t\t<\/div>\n\t\t\t\t\t<\/div>\n\t\t\t\t<\/div>\n\t\t\t\t<\/div>\n\t\t","protected":false},"excerpt":{"rendered":"<p>NUESTRAS ESPECIALISTAS LOGOPEDIA Noelia \u00abMe gradu\u00e9 en Logopedia en 2010 por la universidad de Castilla La Mancha. Posteriormente y hasta d\u00eda de hoy sigo form\u00e1ndome con especialistas referentes de la logopedia, para conocer los \u00faltimos avances y t\u00e9cnicas de rehabilitaci\u00f3n\u00bb. Es logopeda especialista en atenci\u00f3n temprana, patolog\u00eda vocal, terapia miofuncional, tartamudez, comunicaci\u00f3n y lenguaje. \u00a1Cuenta &hellip; <\/p>\n<p class=\"link-more\"><a href=\"https:\/\/policlinicanoelia.es\/index.php\/especialistas\/\" class=\"more-link\">Continuar leyendo<span class=\"screen-reader-text\"> \u00abESPECIALISTAS\u00bb<\/span><\/a><\/p>\n","protected":false},"author":1,"featured_media":0,"parent":0,"menu_order":0,"comment_status":"closed","ping_status":"closed","template":"","meta":{"footnotes":""},"class_list":["post-258","page","type-page","status-publish","hentry"],"_links":{"self":[{"href":"https:\/\/policlinicanoelia.es\/index.php\/wp-json\/wp\/v2\/pages\/258","targetHints":{"allow":["GET"]}}],"collection":[{"href":"https:\/\/policlinicanoelia.es\/index.php\/wp-json\/wp\/v2\/pages"}],"about":[{"href":"https:\/\/policlinicanoelia.es\/index.php\/wp-json\/wp\/v2\/types\/page"}],"author":[{"embeddable":true,"href":"https:\/\/policlinicanoelia.es\/index.php\/wp-json\/wp\/v2\/users\/1"}],"replies":[{"embeddable":true,"href":"https:\/\/policlinicanoelia.es\/index.php\/wp-json\/wp\/v2\/comments?post=258"}],"version-history":[{"count":13,"href":"https:\/\/policlinicanoelia.es\/index.php\/wp-json\/wp\/v2\/pages\/258\/revisions"}],"predecessor-version":[{"id":397,"href":"https:\/\/policlinicanoelia.es\/index.php\/wp-json\/wp\/v2\/pages\/258\/revisions\/397"}],"wp:attachment":[{"href":"https:\/\/policlinicanoelia.es\/index.php\/wp-json\/wp\/v2\/media?parent=258"}],"curies":[{"name":"wp","href":"https:\/\/api.w.org\/{rel}","templated":true}]}}